{"id":10062,"date":"2026-09-01T13:21:55","date_gmt":"2026-09-01T13:21:55","guid":{"rendered":"https:\/\/ppcp.cz\/?post_type=member&#038;p=10062"},"modified":"2026-09-01T13:21:55","modified_gmt":"2026-09-01T13:21:55","slug":"ceska-posta-s-p","status":"publish","type":"member","link":"https:\/\/ppcp.cz\/en\/member\/ceska-posta-s-p\/","title":{"rendered":"\u010cesk\u00e1 po\u0161ta, s.p."},"content":{"rendered":"\n<figure class=\"wp-block-image size-full is-resized\"><img loading=\"lazy\" decoding=\"async\" width=\"1375\" height=\"188\" src=\"https:\/\/ppcp.cz\/wp-content\/uploads\/2026\/09\/Logotyp_CP_na_sirku_bila.png\" alt=\"\" class=\"wp-image-10056\" style=\"width:332px;height:auto\" srcset=\"https:\/\/ppcp.cz\/wp-content\/uploads\/2026\/09\/Logotyp_CP_na_sirku_bila.png 1375w, https:\/\/ppcp.cz\/wp-content\/uploads\/2026\/09\/Logotyp_CP_na_sirku_bila-300x41.png 300w, https:\/\/ppcp.cz\/wp-content\/uploads\/2026\/09\/Logotyp_CP_na_sirku_bila-1024x140.png 1024w, https:\/\/ppcp.cz\/wp-content\/uploads\/2026\/09\/Logotyp_CP_na_sirku_bila-768x105.png 768w, https:\/\/ppcp.cz\/wp-content\/uploads\/2026\/09\/Logotyp_CP_na_sirku_bila-180x25.png 180w\" sizes=\"auto, (max-width: 1375px) 100vw, 1375px\" \/><\/figure>\n\n\n\n<p>\u010cesk\u00e1 po\u0161ta, s.p. is a member of the PPCP with special status. <\/p>\n\n\n\n<p>Date of signing the Charter: 28 August 2026<\/p>\n\n\n\n<figure class=\"wp-block-gallery has-nested-images columns-default is-cropped lightbox-gallery wp-block-gallery-1 is-layout-flex wp-block-gallery-is-layout-flex\">\n<figure class=\"wp-block-image size-large\"><a href=\"http:\/\/ppcp.cz\/wp-content\/uploads\/2026\/09\/BIENALE_2026_071.jpg\"><img loading=\"lazy\" decoding=\"async\" width=\"1024\" height=\"683\" data-id=\"10038\" src=\"http:\/\/ppcp.cz\/wp-content\/uploads\/2026\/09\/BIENALE_2026_071-1024x683.jpg\" alt=\"\" class=\"wp-image-10038\" srcset=\"https:\/\/ppcp.cz\/wp-content\/uploads\/2026\/09\/BIENALE_2026_071-1024x683.jpg 1024w, https:\/\/ppcp.cz\/wp-content\/uploads\/2026\/09\/BIENALE_2026_071-300x200.jpg 300w, https:\/\/ppcp.cz\/wp-content\/uploads\/2026\/09\/BIENALE_2026_071-768x512.jpg 768w, https:\/\/ppcp.cz\/wp-content\/uploads\/2026\/09\/BIENALE_2026_071-1536x1024.jpg 1536w, https:\/\/ppcp.cz\/wp-content\/uploads\/2026\/09\/BIENALE_2026_071-180x120.jpg 180w, https:\/\/ppcp.cz\/wp-content\/uploads\/2026\/09\/BIENALE_2026_071.jpg 1984w\" sizes=\"auto, (max-width: 1024px) 100vw, 1024px\" \/><\/a><\/figure>\n\n\n\n<figure class=\"wp-block-image size-large\"><a href=\"http:\/\/ppcp.cz\/wp-content\/uploads\/2026\/09\/BIENALE_2026_076.jpg\"><img loading=\"lazy\" decoding=\"async\" width=\"1024\" height=\"683\" data-id=\"10042\" src=\"http:\/\/ppcp.cz\/wp-content\/uploads\/2026\/09\/BIENALE_2026_076-1024x683.jpg\" alt=\"\" class=\"wp-image-10042\" srcset=\"https:\/\/ppcp.cz\/wp-content\/uploads\/2026\/09\/BIENALE_2026_076-1024x683.jpg 1024w, https:\/\/ppcp.cz\/wp-content\/uploads\/2026\/09\/BIENALE_2026_076-300x200.jpg 300w, https:\/\/ppcp.cz\/wp-content\/uploads\/2026\/09\/BIENALE_2026_076-768x512.jpg 768w, https:\/\/ppcp.cz\/wp-content\/uploads\/2026\/09\/BIENALE_2026_076-1536x1024.jpg 1536w, https:\/\/ppcp.cz\/wp-content\/uploads\/2026\/09\/BIENALE_2026_076-180x120.jpg 180w, https:\/\/ppcp.cz\/wp-content\/uploads\/2026\/09\/BIENALE_2026_076.jpg 1984w\" sizes=\"auto, (max-width: 1024px) 100vw, 1024px\" \/><\/a><\/figure>\n\n\n\n<figure class=\"wp-block-image size-large\"><a href=\"http:\/\/ppcp.cz\/wp-content\/uploads\/2026\/09\/BIENALE_2026_080.jpg\"><img loading=\"lazy\" decoding=\"async\" width=\"1024\" height=\"683\" data-id=\"10048\" src=\"http:\/\/ppcp.cz\/wp-content\/uploads\/2026\/09\/BIENALE_2026_080-1024x683.jpg\" alt=\"\" class=\"wp-image-10048\" srcset=\"https:\/\/ppcp.cz\/wp-content\/uploads\/2026\/09\/BIENALE_2026_080-1024x683.jpg 1024w, https:\/\/ppcp.cz\/wp-content\/uploads\/2026\/09\/BIENALE_2026_080-300x200.jpg 300w, https:\/\/ppcp.cz\/wp-content\/uploads\/2026\/09\/BIENALE_2026_080-768x512.jpg 768w, https:\/\/ppcp.cz\/wp-content\/uploads\/2026\/09\/BIENALE_2026_080-1536x1024.jpg 1536w, https:\/\/ppcp.cz\/wp-content\/uploads\/2026\/09\/BIENALE_2026_080-180x120.jpg 180w, https:\/\/ppcp.cz\/wp-content\/uploads\/2026\/09\/BIENALE_2026_080.jpg 1984w\" sizes=\"auto, (max-width: 1024px) 100vw, 1024px\" \/><\/a><\/figure>\n<\/figure>\n\n\n\n<p class=\"is-style-gold\">Member number: 45<\/p>\n","protected":false},"template":"","class_list":["post-10062","member","type-member","status-publish","hentry"],"_links":{"self":[{"href":"https:\/\/ppcp.cz\/en\/wp-json\/wp\/v2\/member\/10062","targetHints":{"allow":["GET"]}}],"collection":[{"href":"https:\/\/ppcp.cz\/en\/wp-json\/wp\/v2\/member"}],"about":[{"href":"https:\/\/ppcp.cz\/en\/wp-json\/wp\/v2\/types\/member"}],"wp:attachment":[{"href":"https:\/\/ppcp.cz\/en\/wp-json\/wp\/v2\/media?parent=10062"}],"curies":[{"name":"wp","href":"https:\/\/api.w.org\/{rel}","templated":true}]}}

Česká pošta, s.p.

<figure class="wp-block-image size-full is-resized"><img loading="lazy" decoding="async" width="1375" height="188" src="https://ppcp.cz/wp-content/uploads/2026/09/Logotyp_CP_na_sirku_bila.png" alt="" class="wp-image-10056" style="width:332px;height:auto" srcset="https://ppcp.cz/wp-content/uploads/2026/09/Logotyp_CP_na_sirku_bila.png 1375w, https://ppcp.cz/wp-content/uploads/2026/09/Logotyp_CP_na_sirku_bila-300x41.png 300w, https://ppcp.cz/wp-content/uploads/2026/09/Logotyp_CP_na_sirku_bila-1024x140.png 1024w, https://ppcp.cz/wp-content/uploads/2026/09/Logotyp_CP_na_sirku_bila-768x105.png 768w, https://ppcp.cz/wp-content/uploads/2026/09/Logotyp_CP_na_sirku_bila-180x25.png 180w" sizes="auto, (max-width: 1375px) 100vw, 1375px" /></figure>



<p>Česká pošta, s.p. is a member of the PPCP with special status. </p>



<p>Date of signing the Charter: 28 August 2026</p>



<figure class="wp-block-gallery has-nested-images columns-default is-cropped lightbox-gallery wp-block-gallery-1 is-layout-flex wp-block-gallery-is-layout-flex">
<figure class="wp-block-image size-large"><a href="http://ppcp.cz/wp-content/uploads/2026/09/BIENALE_2026_071.jpg"><img loading="lazy" decoding="async" width="1024" height="683" data-id="10038" src="http://ppcp.cz/wp-content/uploads/2026/09/BIENALE_2026_071-1024x683.jpg" alt="" class="wp-image-10038" srcset="https://ppcp.cz/wp-content/uploads/2026/09/BIENALE_2026_071-1024x683.jpg 1024w, https://ppcp.cz/wp-content/uploads/2026/09/BIENALE_2026_071-300x200.jpg 300w, https://ppcp.cz/wp-content/uploads/2026/09/BIENALE_2026_071-768x512.jpg 768w, https://ppcp.cz/wp-content/uploads/2026/09/BIENALE_2026_071-1536x1024.jpg 1536w, https://ppcp.cz/wp-content/uploads/2026/09/BIENALE_2026_071-180x120.jpg 180w, https://ppcp.cz/wp-content/uploads/2026/09/BIENALE_2026_071.jpg 1984w" sizes="auto, (max-width: 1024px) 100vw, 1024px" /></a></figure>



<figure class="wp-block-image size-large"><a href="http://ppcp.cz/wp-content/uploads/2026/09/BIENALE_2026_076.jpg"><img loading="lazy" decoding="async" width="1024" height="683" data-id="10042" src="http://ppcp.cz/wp-content/uploads/2026/09/BIENALE_2026_076-1024x683.jpg" alt="" class="wp-image-10042" srcset="https://ppcp.cz/wp-content/uploads/2026/09/BIENALE_2026_076-1024x683.jpg 1024w, https://ppcp.cz/wp-content/uploads/2026/09/BIENALE_2026_076-300x200.jpg 300w, https://ppcp.cz/wp-content/uploads/2026/09/BIENALE_2026_076-768x512.jpg 768w, https://ppcp.cz/wp-content/uploads/2026/09/BIENALE_2026_076-1536x1024.jpg 1536w, https://ppcp.cz/wp-content/uploads/2026/09/BIENALE_2026_076-180x120.jpg 180w, https://ppcp.cz/wp-content/uploads/2026/09/BIENALE_2026_076.jpg 1984w" sizes="auto, (max-width: 1024px) 100vw, 1024px" /></a></figure>



<figure class="wp-block-image size-large"><a href="http://ppcp.cz/wp-content/uploads/2026/09/BIENALE_2026_080.jpg"><img loading="lazy" decoding="async" width="1024" height="683" data-id="10048" src="http://ppcp.cz/wp-content/uploads/2026/09/BIENALE_2026_080-1024x683.jpg" alt="" class="wp-image-10048" srcset="https://ppcp.cz/wp-content/uploads/2026/09/BIENALE_2026_080-1024x683.jpg 1024w, https://ppcp.cz/wp-content/uploads/2026/09/BIENALE_2026_080-300x200.jpg 300w, https://ppcp.cz/wp-content/uploads/2026/09/BIENALE_2026_080-768x512.jpg 768w, https://ppcp.cz/wp-content/uploads/2026/09/BIENALE_2026_080-1536x1024.jpg 1536w, https://ppcp.cz/wp-content/uploads/2026/09/BIENALE_2026_080-180x120.jpg 180w, https://ppcp.cz/wp-content/uploads/2026/09/BIENALE_2026_080.jpg 1984w" sizes="auto, (max-width: 1024px) 100vw, 1024px" /></a></figure>
</figure>



<p class="is-style-gold">Member number: 45</p>
